s) = s**3 + s - 1. Determine f(-1).
-3
Let u(o) = o**2 - 27*o + 170. Calculate u(9).
8
Let g(j) = 22*j**3 + j**2 - 3*j + 1. What is g(1)?
21
Let x(u) = u**3 + 18*u**2 - 63*u - 5. Give x(-21).
-5
Let v(x) = -2*x - 5. Give v(2).
-9
Let v(h) = -5*h + 11. Give v(10).
-39
Let h(j) = 3*j - 1. Determine h(4).
11
Let o(d) = -d**3 + 35*d**2 + 35*d + 46. Calculate o(36).
10
Let x(d) = -9*d - 34. Calculate x(7).
-97
Let l(p) = -11*p**2 - 4*p + 8. Calculate l(-4).
-152
Let w(t) = -t**2 + 8*t + 15. What is w(10)?
-5
Let w(g) = -g**2 + 3*g + 14. Calculate w(-3).
-4
Let k(c) = 4*c + 62. Determine k(-17).
-6
Let l(v) = -v**2 + 4*v + 6. What is l(4)?
6
Let y(x) = -80*x - 646. Give y(-8).
-6
Let c(z) = 3*z + 46. Calculate c(-13).
7
Let t(n) = n**3 - 18*n**2 - 2*n + 42. Give t(18).
6
Let h(d) = -d**3 + 16*d**2 + 2*d - 27. What is h(16)?
5
Let q(h) = -20*h + 22. What is q(4)?
-58
Let t(m) = -m**3 - 11*m**2 + m + 26. What is t(-11)?
15
Let y(p) = p**3 + 11*p**2 + 9*p + 5. Calculate y(-10).
15
Let a(x) = -9*x + 96. Determine a(20).
-84
Let g(k) = 16*k - 1. Determine g(1).
15
Let s(u) = 2*u - 21. Determine s(7).
-7
Let r(w) = 2*w**2 - 22*w + 9. Determine r(10).
-11
Let u(q) = 73*q**2 - 3*q + 1. Calculate u(1).
71
Let m(d) = -121*d + 598. What is m(5)?
-7
Let j(s) = -5*s - 73. Calculate j(-11).
-18
Let q(u) = -u**3 - 6*u**2 + 40*u. Give q(-10).
0
Let o(w) = -5*w - 28. What is o(-11)?
27
Let o(s) = -3*s**2 - 21*s + 2. Calculate o(-7).
2
Let c(n) = n + 17. Calculate c(-8).
9
Let t(o) = -20*o - 10. Calculate t(1).
-30
Let b(w) = -6*w - 85. Calculate b(-13).
-7
Let w(q) = q**2 - 5*q - 10. What is w(7)?
4
Let t(l) = l**3 + 2*l**2 - 33*l - 38. Calculate t(-6).
16
Let v(g) = g**2 - 7*g + 1. Determine v(6).
-5
Let c(z) = z - 45. What is c(12)?
-33
Let d(y) = y**3 + 38*y**2 - 39*y. Give d(-39).
0
Let d(t) = 3*t**2 + 22*t + 15. Calculate d(-6).
-9
Let h(r) = 12*r - 309. What is h(25)?
-9
Let f(p) = 6*p - 142. Calculate f(21).
-16
Let y(j) = 6*j - 5. Give y(-1).
-11
Let k(n) = 12*n**2 + n - 3. Determine k(1).
10
Let o(c) = -c - 25. What is o(-21)?
-4
Let r(j) = -5*j + 63. What is r(13)?
-2
Let w(b) = -b - 6. What is w(-16)?
10
Let r(c) = -c**2 - 23*c + 98. Calculate r(4).
-10
Let v(d) = d + 2. Determine v(-11).
-9
Let s(d) = d - 31. Give s(-16).
-47
Let f(w) = 13*w + 1. Determine f(-1).
-12
Let s(w) = w**2 + 5*w + 3. Give s(-2).
-3
Let m(n) = n**2 + n + 3. Give m(-4).
15
Let j(u) = -5*u**2 - 15*u - 16. What is j(-1)?
-6
Let t(w) = -4*w**2 - 71*w + 27. What is t(-18)?
9
Let n(p) = -24*p**3 + 3*p + 3. What is n(-1)?
24
Let m(p) = -11*p**2 - 6*p - 7. Give m(-1).
-12
Let p(b) = b**2 - 5*b - 35. Calculate p(9).
1
Let a(w) = w**3 - 5*w**2 + 3*w. What is a(5)?
15
Let q(k) = -k**2 - 11*k - 1. Calculate q(-9).
17
Let f(j) = -2*j**3 + 51*j**2 + 36*j - 250. What is f(26)?
10
Let x(l) = -2*l - 1. Give x(2).
-5
Let l(d) = -117*d**3 + 4*d**2 - 2. What is l(1)?
-115
Let x(j) = -j**2 + 8*j - 1. Give x(11).
-34
Let z(j) = 26*j**3 + j. What is z(1)?
27
Let m(o) = -4*o**3 - 4*o**2 - 3*o - 5. Give m(-2).
17
Let f(x) = 2*x - 14. Determine f(5).
-4
Let p(w) = w**2 + 8*w - 6. Give p(-5).
-21
Let f(p) = -7*p + 10. Give f(4).
-18
Let f(n) = -n**3 - 4*n**2 + 5*n + 8. Determine f(-5).
8
Let d(y) = -11*y + 1. Determine d(-2).
23
Let n(s) = 18*s - 187. Give n(11).
11
Let t(c) = c**3 - 9*c**2 + 12*c + 5. Determine t(7).
-9
Let y(o) = -o**2 - 6*o - 6. Determine y(-5).
-1
Let u(c) = -2*c - 31. Give u(-21).
11
Let q(v) = v**2 - 2*v - 1. What is q(2)?
-1
Let y(s) = -2*s + 3. Give y(8).
-13
Let x(k) = 4*k - 19. Give x(3).
-7
Let t(s) = -s**2 + 17*s - 47. What is t(5)?
13
Let v(b) = b**3 + 12*b**2 + 17*b + 75. What is v(-11)?
9
Let t(q) = 3*q**3 - 3*q**2 - 12*q - 21. Determine t(-2).
-33
Let f(x) = -95*x + 192. Determine f(2).
2
Let f(d) = d - 61. What is f(64)?
3
Let p(o) = o - 7. Give p(-7).
-14
Let c(b) = -26*b**2 + 2*b + 1. Calculate c(-1).
-27
Let y(u) = -11*u - 19. Determine y(-5).
36
Let s(q) = q**2 - q - 13. Determine s(4).
-1
Let b(m) = 5*m. Calculate b(-4).
-20
Let w(n) = -4*n + 4. Give w(-8).
36
Let i(q) = q**3 - 12*q**2 + 3*q - 29. What is i(12)?
7
Let j(y) = y**3 - 6*y**2 - 12*y + 17. Calculate j(7).
-18
Let m(j) = 27*j**2 + 6*j - 4. Give m(1).
29
Let d(t) = 2*t**3 - 6*t**2 + 3*t - 6. Give d(4).
38
Let b(k) = 5*k**3 + 2*k - 1. Give b(1).
6
Let q(i) = 7*i**2 - 29*i - 5. Calculate q(4).
-9
Let g(q) = -q**3 - 21*q**2 - 20*q - 13. Give g(-20).
-13
Let g(p) = 6*p - 6. Give g(-5).
-36
Let w(i) = -3*i**2 - 6*i + 13. What is w(-4)?
-11
Let n(r) = -9*r + 33. What is n(5)?
-12
Let u(a) = a**2 + 3*a + 8. Calculate u(-3).
8
Let l(a) = -56*a**2 - 2*a + 1. What is l(1)?
-57
Let z(t) = -t**3 + 2*t**2 + 3*t - 3. What is z(2)?
3
Let a(l) = 4*l - 38. Give a(10).
2
Let j(h) = -4*h**2 + 45*h - 1. Determine j(11).
10
Let h(x) = -x - 3. What is h(5)?
-8
Let l(u) = u**2 - 5*u - 4. Determine l(-1).
2
Let m(p) = -p**3 - 7*p**2 - 5*p + 10. What is m(-4)?
-18
Let v(y) = -y**2 + 12*y - 23. What is v(15)?
-68
Let j(q) = 2*q**2 + 8*q - 2. Give j(-6).
22
Let l(r) = 3*r - 46. Calculate l(16).
2
Let k(i) = i**3 + 5*i**2 - 8*i + 37. Calculate k(-7).
-5
Let z(d) = d**3 - 2*d**2. What is z(-3)?
-45
Let m(u) = -10*u**2 - 2*u. Give m(2).
-44
Let i(f) = -4*f + 7. What is i(-6)?
31
Let s(p) = -p**3 + 14*p**2 - 14*p + 11. Calculate s(13).
-2
Let f(z) = -z**3 - 8*z**2 + 3*z - 40. Calculate f(-9).
14
Let c(u) = 5*u + 18. Give c(-4).
-2
Let f(p) = 17*p. Calculate f(2).
34
Let v(s) = -s**3 + 16*s**2 - s + 28. Determine v(16).
12
Let b(r) = -r**2 - 15*r + 1. Determine b(-15).
1
Let u(x) = -x**3 + 2*x**2 - 2*x + 4. Determine u(5).
-81
Let l(b) = -18*b + 83. Give l(5).
-7
Let h(f) = f**3 + 3*f**2 - 8*f - 5. Calculate h(-5).
-15
Let v(c) = -20*c - 1. Calculate v(1).
-21
Let g(j) = -19*j - 15. Calculate g(-1).
4
Let f(x) = 22*x - 127. Calculate f(6).
5
Let q(w) = w**3 - 10*w**2 + 7*w + 7. Give q(10).
77
Let h(p) = -p**2 + 16*p + 3. Give h(16).
3
Let z(o) = 3*o**3 + 15*o**2 - 14*o + 19. Give z(-6).
-5
Let g(b) = b - 3. Determine g(4).
1
Let j(u) = 6*u**2 - 24*u + 22. Calculate j(2).
-2
Let x(i) = -13*i - 2. Determine x(3).
-41
Let g(f) = -7*f**3 + 2*f**2 - 1. Give g(-1).
8
Let d(v) = -5*v**2 + 8*v + 12. What is d(5)?
-73
Let y(r) = -r**3 + 7*r**2 + 9*r + 3. Give y(8).
11
Let y(d) = d**2 + 11*d + 4. Give y(-7).
-24
Let u(r) = r**3 - 23*r**2 + 40*r + 38. Give u(21).
-4
Let u(v) = 31*v**3 + v**2 - 2*v + 2. What is u(1)?
32
Let i(k) = -3*k**3 + k**2 - 8*k + 7. Give i(3).
-89
Let o(p) = -21*p - 79. Calculate o(-4).
5
Let t(r) = -r**2 + 2*r + 1. Determine t(-3).
-14
Let s(f) = f**2 - 2*f - 28. Give s(7).
7
Let q(r) = r**3 + 7*r**2 - 3*r - 9. Give q(-7).
12
Let m(c) = -c**3 - 13*c**2 + 19*c + 7. Calculate m(-14).
-63
Let r(k) = -25*k**3 + 2*k**2 + 2*k + 1. What is r(-1)?
26
Let a(s) = 60*s**3 - 1. What is a(1)?
59
Let s(i) = -20*i - 575. Calculate s(-28).
-15
Let y(s) = 8*s + 4. What is y(15)?
124
Let u(h) = h**2 - 4*h - 9. What is u(6)?
3
Let j(p) = -p + 13. Give j(12).
1
Let a(p) = 7*p + 23. Determine a(-4).
-5
Let u(y) = -y**3 + 11*y**2 - 29*y + 6. Give u(7).
-1
Let z(v) = v**2 - 13*v + 18. Give z(11).
-4
Let o(s) = -3*s**2 + 3*s + 26. Calculate o(-2).
8
Let v(k) = 3*k - 40. What is v(12)?
-4
Let v(u) = u**3 + 2*u**2 - 7*u + 9. Calculate v(-4).
5
Let a(j) = 5*j**3 + j**2 - 2. What is a(-2)?
-38
Let o(k) = 11*k + 165. Calculate o(-12).
33
Let p(q) = -47*q + 1742. Calculate p(37).
3
Let l(u) = 7*u**3 + u**2 - 2*u + 1. Give l(1).
7
Let f(x) = 4*x + 40. Calculate f(-4).
24
Let y(s) = s**3 + 24*s**2 + 46*s + 52. Calculate y(-22).
8
Let c(g) = -g**2 + 7*g - 5. Give c(4).
7
Let r(k) = -k**3 - 6*k**2 + 8*k - 7. Determine r(-7).
-14
Let b(x) = -x**2 - 7*x + 14. Give b(3).
-16
Let p(m) = -15*m - 31. Determine p(-2).
-1
Let h(c) = c**3 + 8*c**2 - 10*c + 4. What is h(-8)?
84
Let q(h) = 22*h - 3. What is q(-3)?
-69
Let z(q) = -8*q - 49. What is z(-5)?
-9
Let o(z) = -2*z - 7. What is o(0)?
-7
Let v(t) = -t**3 - 5*t**2 + 7*t + 4. Give v(-6).
-2
Let c(q) = q**3 + 8*q**2 - 18*q + 7. Determine c(-10).
-13
Let h(q) = -q**3 - 10*q**2 + 4*q - 6. Determine h(-10).
-46
Let l(h) = h**3 + 11*h**2 - 13*h + 12. Determine l(-12).
24
Let i(d) = 34*d**2 + 1. Give i(1).
35
Let y(j) = j**3 + j**2 - 7*j - 1. Calculate y(-3).
2
Let x(m) = m**3 - 18*m**2 - 37*m - 43. Determine x(20).